665. Let u be i(39). Let m(r) = 2*r**3 - 3*r**2 - 2*r + 4. What is m(u)?
4
Let q(l) = -l**2 - 11*l + 10. Let f(a) = a**2 + 19*a - 3. Let k be f(-19). Let j(s) = -s**2 - s + 1. Let u(n) = k*j(n) + q(n). Calculate u(3).
1
Let i(t) = 21 + 4955*t**2 + 111*t - 118*t - 4952*t**2. Give i(3).
27
Let r(l) = -3*l**2 - 3*l - 6. Let u(w) = 4*w**2 + 4*w + 7. Let t(p) = 5*r(p) + 4*u(p). Suppose -85 = -12*f + 11. Suppose 16*a - 12*a = -f. Give t(a).
0
Let j(z) = -z + 7. Let y = 22895 + -22890. Determine j(y).
2
Suppose -4*h + 4*m + 40 = 0, -h = 2*m - 0 + 2. Suppose -2*b - 36 = -h*b. Let o(s) = 2*s - 10. Give o(b).
8
Let l(g) be the second derivative of g**3/6 - 3*g**2/2 - 4*g - 67. Calculate l(8).
5
Let p(r) = -3*r + 12. Let q(m) = -3*m - 16. Let z be q(-7). Suppose z*c - 45 = -21*u + 16*u, 0 = 3*u - 2*c - 7. Give p(u).
-3
Let n = 2123 + -2126. Let k(a) be the third derivative of a**6/120 + a**5/20 + a**4/24 + a**3/3 - 7*a**2. Give k(n).
-1
Let p(g) = -2*g**2 - 29. Let z be (-1 - -1)/(14/14). Calculate p(z).
-29
Let h(w) be the first derivative of 2*w + 1/3*w**3 - 50 - 3*w**2. Let b be (-7)/(-2) - 1/2. Determine h(b).
-7
Let j(a) = a**3 + 84*a**2 + 83*a + 18. Let t be j(-83). Let y(z) = -2*z + 45. Determine y(t).
9
Let i(u) = -5*u + 86. Suppose -271 = -12*m - 58*m + 639. What is i(m)?
21
Suppose 0 = -4*c - 8 + 52. Let p(w) be the first derivative of -w**2/2 + 8*w + 18958. Calculate p(c).
-3
Let q(a) = 31*a**2 - 5*a. Let i(r) = 57*r**2 - 10*r. Let s(n) = -6*i(n) + 11*q(n). Give s(4).
4
Let n(g) be the first derivative of -g**3/3 - g**2/2 - g + 1412. Give n(-3).
-7
Let u(r) = -3*r - 228. Let m be u(-77). Let p(z) = 4*z**2 - z. Determine p(m).
33
Let o(k) = k**2 - 10*k + 4. Let v be o(5). Let a(r) = 24*r**2 + 56*r + 11. Let x(z) = -17*z**2 - 37*z - 7. Let j(i) = -5*a(i) - 7*x(i). Calculate j(v).
-6
Let y(g) = 2*g**2 - 20*g - 11. Suppose -3*q = -2*d - 34, 42*q - 2*d - 14 = 41*q. Determine y(q).
-11
Let v be (4 + (-120)/25)*15/(-6). Suppose -v*a + 12*a + 30 = 0. Let g be (4/a)/(-4 - (-56)/12). Let m(p) = 10*p + 2. Calculate m(g).
-18
Let g(m) = m**3 + 3*m**2. Suppose -43 - 7 = -10*d. Let q be (3 - d) + 1/(-1). Calculate g(q).
0
Let j(p) = 49*p - 173*p + 81*p + 31 + 50*p. What is j(-6)?
-11
Let d(a) = a**2 + 2*a - 5. Suppose -2*p - 5*c = 5, -2*p + c = 2*c + 9. Let u(h) = h**3 + 7*h**2 + 5*h + 4. Let z be u(p). Suppose -z = q - 24. Calculate d(q).
10
Suppose -6*p + 564 = 135*p. Let u(h) be the second derivative of h**3 - h**2 - 6*h. What is u(p)?
22
Let s be (-14)/(-70)*-25 - -11*4. Let f(c) = 3*c - 123. Calculate f(s).
-6
Let t(c) = 1753*c**2 - 7015*c**2 + 1 + 3*c + 1756*c**2 + 1756*c**2 + 1749*c**2. Give t(5).
-9
Let z(f) be the third derivative of -f**5/60 + 7*f**4/24 - f**3/2 + 16*f**2. Suppose o = 1 + 1. Let k = o + 3. Determine z(k).
7
Let m(o) = 3*o**2 + o - 1. Suppose 3*z - 82 + 67 = -3*g, -2*g - 4 = -5*z. What is m(g)?
29
Let r(d) be the first derivative of -d**4/4 - 2*d**3 + d**2/2 - 9*d - 788. Calculate r(-6).
-15
Let k(b) = -3*b**3 + 4*b**2 + 8*b + 13. Let y(s) = 21*s**3 - 26*s**2 - 51*s - 86. Let j(a) = -13*k(a) - 2*y(a). Let i = 5 + -3. What is j(i)?
-25
Suppose 132*a = -60*a - 384. Let m(x) = x**2 - x - 1. Let v(q) = -q**2. Let d(j) = m(j) - 4*v(j). Give d(a).
21
Suppose 3*q + 27*s - 22*s = 32, -s = 4*q - 20. Let g(k) = -2*k - 12*k**2 + k + 6*k**2 + 6*k + 2 + k**3. Determine g(q).
-10
Let t(w) = 6*w - 12 + 7*w + 5*w - 4*w**2 - 19*w + 5*w**2. Calculate t(5).
8
Let m(q) = 14*q + 107. Suppose 2*z + 3*z - 11857 = -11902. Determine m(z).
-19
Let r(k) = k**2 + 2. Suppose -13*d + 16*d = 15. Suppose d = -3*t - 1, 2 = 4*z - 3*t. Let n be (3/z - -4)*3. Calculate r(n).
11
Let j(q) = 148*q - 886. Suppose 0 = 5*z - 2*v - 42, -168*z + 165*z = 5*v + 12. Determine j(z).
2
Suppose -8*q - 7 = -17*q + 2. Let i(h) = 3*h**3 - 2*h**2 + 2*h + 1. Determine i(q).
4
Let y(b) = 24*b**2 - 5*b - 327. Let s(w) = 13*w**2 - 3*w - 174. Let x(p) = -11*s(p) + 6*y(p). Calculate x(-10).
22
Let s(p) = 11*p. Let d(r) = -2*r**2 - 9*r + 14. Let v be d(-6). Let h be v/(-3) + (-28)/84. Calculate s(h).
11
Let m(o) = -9*o**2 + o + 1. Let c be -1 - 3/(-3 + 2). Suppose s - x - 56 = 4*x, -5*s = c*x - 145. Let l = s + -32. Calculate m(l).
-9
Let a(n) be the second derivative of -n**5/60 + 5*n**4/8 - 10*n**3/3 + 5*n**2/2 + 2*n - 14. Let m(w) be the first derivative of a(w). Determine m(13).
6
Let r = -10 + 21. Let z = r + -16. Let b(p) = -p**3 - p**2 - 2. Let c(t) = 7*t**3 + 10*t**2 - t + 19. Let d(w) = 6*b(w) + c(w). Give d(z).
-13
Let w(y) = -y**3 + y**2 + 3*y + 4. Let f(p) = 5*p**3 - 5*p**2 - 13*p - 17. Let b(n) = 2*f(n) + 9*w(n). Let q be 36/(-15) - (-148)/370. Determine b(q).
-12
Let d(q) be the second derivative of -q**5/20 - 5*q**4/4 + 3*q**3 + 23*q**2/2 + 2*q. Let k be (((-30)/(7 - 17))/6)/((-5)/160). Calculate d(k).
-9
Let g(z) = z**2 - 5*z - 59. Let q = 11191 + -11197. What is g(q)?
7
Let b be 14/4 - 70/(-140). Let m(j) = -2*j + 1. Let x(r) = 26*r - 12. Let y(t) = -28*m(t) - 2*x(t). Determine y(b).
12
Suppose -67*i - 88 = -557. Let u(p) = -p**2 + 4*p - 1. Let k(o) = -o**2 + 4*o. Let f(l) = 2*k(l) - 3*u(l). Give f(i).
24
Suppose 0 = -17*r - 56 + 107. Let h(q) be the third derivative of 3/20*q**5 + 0 + 0*q + 0*q**4 - 1/6*q**r + 12*q**2. Give h(1).
8
Suppose 12*o = 3*t - 90, 6*o = -4*t + 10*o + 48. Let w(r) = -1 + 4*r - 3 + 0 - 2. Calculate w(t).
18
Let w be -6 - (8*3/(-4) + -3). Let j(y) = -y**3 - 5*y**2 + 13*y + 2. Calculate j(w).
-31
Let y(k) = 33*k + 233. Let t be y(-7). Let i(a) = -a**2 + a - 2. Let l(n) = 3*n**2 - 3*n + 5. Let h(q) = 5*i(q) + 2*l(q). Determine h(t).
2
Suppose -2*m = -h - 27, 2*m - 5*m + 8 = 5*h. Let q(i) = i**2 - i + 30. What is q(m)?
140
Let i(d) = 36*d + 3791. Let c be i(-105). Let g(t) be the second derivative of -3/2*t**2 - 1/3*t**3 + 1/20*t**5 + c*t + 0 + 1/6*t**4. What is g(-3)?
-6
Let t(y) = y**2 - 13*y + 21. Suppose 21*q + 585 = 795. Give t(q).
-9
Let o(n) = -n. Suppose r = -3*f + 2, 2*f + r = 4*r - 6. Suppose 0 = -2*v + c + 9, f = -v - v + 2*c + 10. Suppose -q = u - 0 + 1, v*q = -u + 2. Determine o(u).
2
Let s(t) = 14*t - 44*t + 9*t + 6*t + 9*t - t**2 + 41. What is s(-10)?
1
Let n(y) = 63*y + 97. Let z(d) = 82*d + 99. Let m(t) = -4*n(t) + 3*z(t). Calculate m(-19).
23
Let u(o) = -o - 9. Let p = -89 + 123. Suppose -39 + p = -n. Suppose -2*y - 11 = n. Calculate u(y).
-1
Let o(g) = -g**2 - 7*g - 18. Let x be 3 + 3 + -13 + 1. Calculate o(x).
-12
Let k(q) be the first derivative of 0*q - 1/2*q**2 - 15 - 1/3*q**3. Let x(l) = 5*l**3 + 2*l**2 + 2*l + 1. Let p be x(-1). Calculate k(p).
-12
Let v(r) = -6*r - 1. Let u = 297 + -299. Let y be -1 - ((-8 - u) + 3). What is v(y)?
-13
Suppose -2*l - 1 = y, 7*l - 9 = -5*y + 4*l. Let z(q) be the third derivative of q**4/24 - 5*q**3/6 - 18*q**2. Calculate z(y).
-2
Let g be -19 + (1 + -2)/(-1). Let p = 12 + g. Let j(s) = 46 - 8 - 7 - 13 - 13 + s. Give j(p).
-1
Let u = -226 + 229. Let h(z) = -13*z - 2*z**3 + 0 + 15*z + z**u + 3. Determine h(-2).
7
Let v(i) = 6*i + 10. Let j(z) = -5*z - 9. Let b(m) = 5*j(m) + 4*v(m). Let a = -8793 - -8786. Give b(a).
2
Suppose 5*d - 6*x - 56 = -3*x, 2*x + 54 = 5*d. Let i(p) = 8*p - 81. What is i(d)?
-1
Let y(q) = -q**2 - q + 2. Let l(b) = -4*b**2 - 2*b + 5. Let v(w) = 2*l(w) - 7*y(w). Suppose -43 = 2*r + 7. Let d = r + 29. Determine v(d).
-8
Suppose w + 6 = 3*w. Let f(o) be the second derivative of -o**4/4 + o**3/2 - 10*o**2 + 35*o. Let m(i) be the first derivative of f(i). What is m(w)?
-15
Let q = 1 + -2. Let y(m) = -m**3 - m**2 - m. Let u(c) = 2 + 695040*c - 5*c**3 - 695043*c + 0*c**3 - 2*c**2 + 2. Let a(d) = q*u(d) + 4*y(d). Calculate a(4).
24
Let v(s) = 3*s + 3 - 6 - 2 + 1. Let t(x) = -5*x - 1. Let j be t(-1). Suppose j*u + 5*z = -8, 5 = -u - 5*z + 3*z. Calculate v(u).
5
Let c(w) = w**2 - 16*w + 38. Let r = 1012 - 998. Calculate c(r).
10
Suppose 1654*r + 135 = 1627*r. Let h(v) be the second derivative of -v**4/24 - v**2/2 + 2*v. Let p(d) be the first derivative of h(d). Give p(r).
5
Let y = -19 + 13. Let h be 4*(9 - 6)/(8/14). Let l(c) = 3*c + 3. Let u(p) = 10*p + 10. Let q(w) = h*l(w) + y*u(w). Give q(4).
15
Let t(m) be the second derivative of m**5/20 - 2*m**4/3 - 7*m**3/6 - 12*m**2 - 1347*m. What is t(9)?
-6
Let g(z) = -2*z**2 + 6*z + 3. Let d(c) = 11*c**2 - 37*c - 28. Let a(b) = d(b) + 6